 -20 + (0 + 6 - (6 + -24 + 32)).
-28
Calculate 14 + (-427 + 423 - (1 - -21)).
-12
Evaluate 31 + (4 - 2) + 934 + -907.
60
Evaluate -31 - (-36 + 18) - -21 - (-3 - 9).
20
Calculate -52 - (8 - 50) - (-49 + 1 + 0 + 0).
38
(-13 - 0) + -3 + (15 + -25 - -25)
-1
What is the value of -66 + -18 + (-13 - (14 + -35 + 4))?
-80
What is (57 - (-11 - (-2 + 2) - -20)) + -1 + -8?
39
What is the value of 512 + -481 + 12 + 21?
64
What is 14225 - 14109 - (-1 + 68)?
49
Evaluate -113 + 115 - (-22 - (-1 - ((0 - -1) + 2))).
20
Calculate 118 + -123 + 114 + -23.
86
What is 2 - (0 - (-2 + 19) - (2084 + -2121))?
-18
-1 - (2 - -9) - (-4033 + 4072) - -15
-36
What is the value of 52 - 72 - -12 - (-2 + 6 + 4)?
-16
25 + -7 + (-3 + -13 - 31)
-29
Evaluate (4 + -102 - (12 - 7)) + (-28 - -61 - 17).
-87
Evaluate (38 - (53 + -16) - 8) + 62.
55
6 + 59 + -119 + 33
-21
Evaluate (-32 - -17 - -34) + (60 - (-12 + 32)).
59
Evaluate 63 - (-43 - 11) - 102.
15
-24 + 2 - (-68 + 16 - 0)
30
Evaluate (29 - 2 - -42) + -53.
16
What is the value of -2 - -2 - (-12 - -24 - 11) - (1 - 26)?
24
(57 - 83 - -105) + -73
6
Evaluate 22 - (30 - (29 - (2 - -3))).
16
-12 - -19 - -1 - ((-17 - -11) + 1 - 2)
15
Evaluate (4 - ((0 - -3) + 0)) + -537 + 526.
-10
What is the value of 0 - 12 - ((-19 - -3) + 183 + -151 + -8)?
-20
Calculate (54 - 26) + -14 - (-4 + -1 + -3).
22
What is -14 + 29 + (-67 - -12)?
-40
What is the value of (6 - -109) + (1500 - 1510)?
105
-63 + 34 + (17 - -32)
20
226 - 225 - (-56 - -6 - -6)
45
What is the value of -1 + (0 - 5) + 2 + (16 + -13 - 13)?
-14
What is (2640 - 2599) + 4 + -14?
31
-16 - (-7 - 31) - 18
4
22 - 26 - (7 + -6 + 4 + 8)
-17
What is the value of 58 + 9 + (0 - (4 + 13)) + 2?
52
-75 - -8 - (74 - 147)
6
Evaluate -33 + (42 - -51) - (-7 - (2 + (0 - 8))).
61
What is -185 + 189 - (-40 - (-8 + 0))?
36
What is -57 + 3 - (-2 - (20 - (-13 + 29)))?
-48
What is the value of 40 - (79 - (42 - 29))?
-26
What is the value of -6 - (14 - 11) - (-63 + -5) - 5?
54
Evaluate 0 + 2 - -11 - 2 - (25208 - 25186).
-11
-27 + (19 - (8 + -20 - -19)) - 4
-19
What is the value of 1 + -2 - (192 + -209) - 16?
0
(-1 - 23) + (13 - (-99 + 89))
-1
Calculate 29 - (34 + 7) - (28 - -3).
-43
Calculate -28 + 1337 + -1385 + (2 - -114).
40
(-12 + 20 - 0) + (3 - 20) + 18 + -20
-11
What is the value of 21 + -16 + -8 + (4 - -41) + 27?
69
What is the value of (-9 + -1 - (-7 - 29 - 8)) + 3?
37
Calculate (-9 - 3 - -10) + (13 - 14 - 35).
-38
(2 - 11 - (-23 + 15 + 2)) + 3
0
What is -105 + (17 - (5 + -18)) + 28?
-47
-12591 + 12582 - (-2 - 0 - 32)
25
Evaluate 181 - 65 - ((-7 - -9) + -19).
133
Evaluate -4 + (-11 - (4 + -7 - -23)).
-35
Calculate -5 + (-5 - 20) - (7 - -9 - 16).
-30
What is the value of -120 + 2 + (9 - ((-41 - -20) + -3 - -20))?
-105
What is the value of 16 - ((-80 - -23) + 38)?
35
Calculate 130 + -217 + 141 + ((5 - 2) + -2 - 2).
53
(-1 + 1 - 25) + (29018 - 29115)
-122
Evaluate (22 - 54 - -18 - -31) + (-3 - (2 + -3)).
15
What is the value of -8 + 18 + (22 - 21) - (0 - -9)?
2
What is 13 - ((-4 - (9 - 8 - -7) - -8) + -9)?
26
(3562 - 3629) + (-17 - (2 - 5))
-81
Evaluate (0 - -44) + (375 - 393).
26
Calculate -1 - ((9 - -3) + -16 + 31 + (-4 - -7)).
-31
-127 + (-56 - (-86 - 10))
-87
37 - (24 + -31 - -27)
17
Calculate 42 + (2 - -50) + -103.
-9
Calculate (-65 - -1) + -1 - (-196 - (-268 - -79)).
-58
What is -1 - -23 - ((7 + (-9 - 5) - -12) + -8)?
25
Evaluate (6 - 4) + -82 + -46 + (110 - 84).
-100
467 + -478 + -3 + 5 + -1 + (5 - -38)
33
6 - 25 - -7 - (9 - (97 + 12 - -21))
109
Calculate -71 - (56 + -68) - -20.
-39
Calculate -4 + -20 + (66 - 37).
5
What is the value of -8 + -18 + (4 - 3 - -2) + (-6 - -11)?
-18
What is -89 + 59 + (107 - (21 + 5))?
51
Evaluate 29 + -7 - -41 - (0 - -15).
48
Calculate 10 - (0 - -25 - (-249 - -263)) - 16.
-17
(-34 + (-29 - -59) - 70) + -37
-111
-4 + -86 + (-7 - ((19 - 11) + -25) - 0)
-80
What is the value of -20 + 23 + (-9 - -16) - 25?
-15
What is the value of 9 + 0 + (-9 + -25 - (18 - -37)) + -9?
-89
What is the value of -1 - (0 + 24 - (130 - 111) - 115)?
109
What is the value of -42 - -11 - -16 - 13 - -14?
-14
Evaluate -2 + -81 + 882 + -835.
-36
What is the value of 77 + (-16 - (25 - 27)) + 19?
82
Calculate 52 + (9 - (-7 - (12 - (-2 + 7) - 9))).
66
What is the value of 53 - (89 - (44 + -4))?
4
Evaluate 2 + 4 + 0 + 1 + -3 - (60 - 75).
19
What is (2 - -14) + 0 + -66 + 18 + -21?
-53
-36 - (4 + -15 + 23 - 3)
-45
What is -15 - (-64 - (44 + -40))?
53
75 + -58 + -48 + -54
-85
What is 0 + 54 - (-104 - (-243 - -123))?
38
Evaluate -18 - (-2 - (20 - (-31 + 18))).
17
What is -5 - (9 + -23 + (-3 - -22)) - -58?
48
What is -44 + (68 + -31 - 28) + -14?
-49
Calculate (-13 + (-7 - -5) - (-8 + -3)) + 1.
-3
What is the value of -6 - (-5 - (51 - 25)) - (1 - -2)?
22
What is the value of -12 + 14 + (16 - 27) + (35 - 4)?
22
39 + 6 - (-31 + -5 + 54)
27
Calculate -16 + 2 - (-6 + 7) - (8 + 11 - 24).
-10
Calculate -2 + 0 + 18 + (-4 - 8) + -12.
-8
What is 19 + (17 - -2) + -19 - 2?
17
Calculate -258 + 12 + -94 + 215.
-125
What is the value of 67 - (-30 + 41) - 78?
-22
Calculate -32 + (47 - 17) - 13.
-15
Evaluate -68 + (-624 + 616 - (0 - -34)).
-110
Evaluate -44 + ((20 - 9) + -19 - 1).
-53
Calculate -1598 - -1598 - (1 + 6 + -31).
24
What is -323 + 262 + -10 + 4 + -2 + 0?
-69
What is -55 + 1 + 3 + 3 + 5 - (-19 + 30)?
-54
Calculate 28 + (-18 - 26 - -10).
-6
Calculate -7 + 27 - (36 - 56).
40
Evaluate (791 - 782) + (-8 + 12 - 5 - (2 - -62)).
-56
0 + 3 + -158 + 147 - (-36 + -20)
48
474 + -492 - (-2 - (1 + -4 + -1))
-20
Evaluate 104 + (13 - 10) + -18 + 13 + -8.
94
(-132 - -83) + -16 + 54
-11
-3 + (12 - 14) + -2 + 5
-2
(36 - 3) + 2 - (16 - -2)
17
45 - (57 - (40 - 79))
-51
Evaluate -80 + (230 - 162) - (-3 - (0 - -1)).
-8
What is -11 + -5 - (-6 - (-12 + (-20 - -6)))?
-36
((6 - 12) + -9 - -2) + 15 + 8
10
What is the value of (-70 - -36) + (-12 - (-15 + 35))?
-66
9 - (26 + (-53 - -28 - 28))
36
Evaluate 20 + 27 + 3 - 5.
45
Calculate 2 + 19 + -40 - -33.
14
Evaluate -4 - -51 - ((-365 - -356) + (23 - 0)).
33
Evaluate -15 + (6 - (-2 + (-7 - 18))).
18
Evaluate 25 - -16 - 54 - (-13 - -30).
-30
Evaluate 137 - (210 - (199 + -97)).
29
Evaluate (-5 - -24 - -41) + -2 - (-1 + -12).
71
Evaluate -58 - (-1 - 17 - ((79 - 91) + -5)).
-57
Calculate 65 + -54 + 88 - 208.
-109
Evaluate -70 + (-33 - -56) + -10 + -9.
-66
Calculate -239 + 190 + (1 - (-1 + (0 - -1))) + 4.
-44
What is 73 + 53 + (-31 - 203)?
-108
What is the value of (2 - 4 - 1) + (-7 - 4) - (347 - 472)?
111
90 - (8 - -32) - 81
-31
What is 1 - -3 - (5 + -6 + 16 - -5 - 6)?
-10
What is 2256 + -2264 + (-1 - 55)?
-64
What is 2 + -2 + 9 + (652 - 679)?
-18
What is the value of (-38 - -46) + -70 + (-3 - 4)?
-69
What is 1 + -75 + -167 + -159 + 323?
-77
What is the value of 3 + (-13 - (-3 + -7 + 17 - -15))?
-32
What is the value of 5 + 55 + -8 - 17?
35
Calculate (-6 - (4 - ((-9 - 5) + 34) - 4)) + 2.
16
What is (-16 - (-4 + 5 + 2 + -7)) + -93 + 76?
-29
Evaluate (30 - 38 - (1 + -54)) + (-132 - -122).
35
Calculate -27 + 0 - (78 - (81 + -25)).
-49
-28 + 28 + 5 + -8 + 8
5
What is the value of -180 + 191 + (-3 - 17) + (-13 - (0 + -2))?
-20
What is the value of 18 - (0 - (24 - 6)) - 3?
33
Evaluate 17 + -87 - (439 + -528).
19
99 + -105 + (12 - -1) + -14 + 8 + -28
-27
Evaluate 5 + 0 + -6 + 34 + -8 + -24.
1
(147 - 1) + 1322 + -1404
64
What is the value of 10 - ((2 - -24) + (-53 - -40)) - 12?
-15
Evaluate 4032 + -3938 + (-1 - -1 - (5 + -2)).
91
What is the value of 14 - (58 - (80 + -84) - (1 + -2))?
-49
Calculate (16 - 6) + -4 + 26 - (-22 + 9).
45
Evaluate -18 - (16 - 48 - -41).
-27
(-35 - (-101 + 21)) + -32 + 11
24
What is the value of 1 + -10 + -2 + 119 + -31 + 51 + -68?
60
What is the value of 17 + 21 + (-16 - (1 - -3))?
18
(75 - 116) + (-6 - -9)
-38
(6 - (6 + (26 - 6))) + (20 - 10) + 3
-7
What is (16 - 3) + (8 - (-28 - -39))?
10
(39 - 38 - (5 - -1)) + -44
-49
Calculate 329 - 299 - (-49 + 0).
79
(1 - (41 + 0)) + (33 + -22 + 6 - 21)
-44
Evaluate (-9 - (2 + -2 + -15 + (-11 - -25))) + 23.
15
(1242 - 1224) + (-11 - 1)
6
Evaluate (0 - -8 - 19) + 3 + 8 - -55.
55
1 - -111 - (-5 - (11 - (-10 + 9)) - -2)
127
What is 8 + 18 + (-1 - -11) - (7 - 11)?
40
What is -79 + (-85 - -174) - -30?
40
(885 - 879 - (0 - 2)) + -80
-72
Calculate 173 - 12 - (105 + -16).
72
Calculate -9 + 55 + -72 - -92.
66
What is the value of 29 + -2 - (4 + 9 + 